 the greatest common factor of 836528 and 6208?
1552
Calculate the greatest common factor of 30145 and 64.
1
Calculate the highest common factor of 152532666 and 594.
594
What is the highest common factor of 437451 and 2120433?
777
What is the greatest common divisor of 10050116 and 244?
244
What is the greatest common divisor of 1111 and 11400829?
11
What is the greatest common divisor of 7257 and 1779031?
41
Calculate the greatest common factor of 1944 and 200892.
12
Calculate the greatest common factor of 125255 and 8483735.
3055
Calculate the greatest common divisor of 172 and 123171436.
172
What is the highest common factor of 28658552 and 7176?
2392
Calculate the highest common factor of 368013 and 12261.
183
What is the greatest common factor of 2091497085 and 9855?
9855
What is the greatest common factor of 4432085 and 3535?
35
What is the greatest common divisor of 22740 and 82900?
20
What is the highest common factor of 162329120 and 432?
16
Calculate the greatest common divisor of 31398 and 15816.
6
What is the greatest common factor of 66223479 and 168?
21
Calculate the highest common divisor of 227813 and 19223.
409
Calculate the greatest common divisor of 37880 and 5524798.
1894
Calculate the highest common factor of 8833824 and 171162.
666
Calculate the greatest common divisor of 6667162 and 102.
34
What is the greatest common factor of 258713507 and 806?
403
What is the greatest common factor of 66590905 and 685?
685
What is the greatest common factor of 760365 and 15435?
45
Calculate the greatest common factor of 945 and 30199995.
315
What is the highest common factor of 34 and 2112142?
2
What is the highest common factor of 2758032 and 30174?
642
Calculate the highest common factor of 330 and 15232635.
165
What is the greatest common factor of 8419929 and 14?
7
Calculate the highest common divisor of 494827 and 7248.
151
What is the highest common factor of 6678450 and 387?
9
Calculate the highest common divisor of 4526 and 333464.
146
What is the highest common divisor of 57546100 and 28840?
2060
Calculate the highest common factor of 5502 and 10821531.
21
Calculate the highest common factor of 1007809 and 605.
121
What is the highest common divisor of 30533319 and 9?
9
Calculate the greatest common factor of 30 and 4584270.
30
Calculate the greatest common factor of 401460 and 4800.
60
What is the highest common divisor of 3087 and 5693643?
9
Calculate the greatest common factor of 68440 and 2664440.
2360
What is the highest common divisor of 9782246 and 31642?
2434
Calculate the highest common factor of 2651 and 4173397.
241
Calculate the highest common factor of 19613 and 28782969.
1783
Calculate the greatest common divisor of 2748919 and 2.
1
Calculate the highest common factor of 267697 and 191683.
103
What is the highest common factor of 2360 and 1110952?
8
What is the greatest common factor of 30943 and 252648?
319
Calculate the highest common factor of 444800 and 3500.
100
What is the highest common divisor of 28968416 and 13736?
808
What is the greatest common divisor of 288 and 2059346592?
288
Calculate the highest common factor of 32079 and 1332.
111
Calculate the highest common divisor of 9 and 106775055.
9
What is the highest common factor of 24 and 227175540?
12
Calculate the greatest common factor of 1738044 and 26562.
114
Calculate the greatest common factor of 62153 and 108657787.
4781
What is the highest common divisor of 3972668 and 25228?
1484
Calculate the highest common divisor of 28 and 2543513.
7
What is the highest common factor of 6789739 and 11?
11
Calculate the greatest common factor of 1986784 and 88.
8
Calculate the highest common divisor of 7944 and 580428360.
7944
Calculate the highest common divisor of 40615419 and 156.
39
What is the greatest common factor of 2035 and 7750094?
407
Calculate the greatest common factor of 3686118 and 4002.
138
What is the greatest common divisor of 52499 and 2444?
47
What is the greatest common divisor of 1377 and 23659614?
1377
Calculate the greatest common divisor of 2666970 and 144.
18
Calculate the highest common factor of 161635786 and 104.
26
What is the greatest common divisor of 548000 and 1536?
32
Calculate the greatest common divisor of 7476367 and 2451.
817
What is the greatest common factor of 48924 and 78732?
324
Calculate the highest common factor of 9536 and 117404.
4
What is the highest common factor of 64962387 and 28?
7
What is the highest common divisor of 2085579 and 324?
9
Calculate the highest common divisor of 66647777 and 2863.
2863
Calculate the greatest common divisor of 15209 and 15677531.
67
Calculate the greatest common divisor of 49339341 and 9.
9
What is the highest common factor of 220557 and 1681761?
111
Calculate the highest common divisor of 399 and 48334461.
399
Calculate the highest common divisor of 1573 and 549653.
13
What is the greatest common factor of 2268 and 44444106?
378
Calculate the greatest common divisor of 260166 and 84.
6
Calculate the highest common factor of 4289370 and 80.
10
What is the highest common factor of 9131305 and 6175?
95
Calculate the greatest common factor of 23 and 6304576.
23
What is the greatest common factor of 3934140 and 7105?
1015
Calculate the highest common factor of 103345 and 18755.
55
Calculate the highest common divisor of 29728884 and 48.
12
Calculate the greatest common factor of 1094651620 and 470.
470
Calculate the highest common divisor of 17290335 and 75.
15
What is the greatest common factor of 452691448 and 814?
814
What is the highest common factor of 36134087 and 3178?
227
What is the greatest common divisor of 17336 and 46092090?
4334
Calculate the highest common factor of 37195695 and 315.
45
What is the highest common divisor of 133 and 4626899?
19
Calculate the highest common divisor of 885184 and 1632.
32
Calculate the greatest common divisor of 69944 and 457324.
28
What is the greatest common divisor of 340998 and 51198?
966
What is the highest common divisor of 3773 and 31907183?
539
What is the greatest common factor of 2111166 and 35226?
342
Calculate the highest common divisor of 27127605 and 60.
15
Calculate the highest common divisor of 1464 and 24677794.
122
What is the greatest common divisor of 20 and 1731845?
5
Calculate the greatest common divisor of 71645 and 2886359.
623
What is the greatest common divisor of 478 and 460636650?
478
What is the greatest common divisor of 40120 and 236045?
85
Calculate the greatest common factor of 30 and 23302650.
30
What is the greatest common divisor of 4414094793 and 8793?
8793
What is the highest common factor of 30510 and 92025?
45
What is the highest common divisor of 5866562 and 13?
13
Calculate the greatest common factor of 8 and 953606.
2
Calculate the greatest common factor of 4185 and 66228555.
465
What is the greatest common factor of 739046 and 2618?
154
Calculate the highest common factor of 101998288 and 112.
112
Calculate the greatest common divisor of 246384 and 6147.
9
Calculate the greatest common factor of 108999 and 7506.
27
What is the greatest common divisor of 8484 and 153823?
101
What is the highest common divisor of 9144 and 155926536?
3048
What is the greatest common divisor of 117377183 and 55?
11
What is the greatest common factor of 4964759 and 7124011?
7603
What is the highest common divisor of 58985850 and 385?
385
What is the highest common divisor of 3566169 and 8343?
927
What is the greatest common factor of 7278733 and 154?
77
Calculate the greatest common factor of 53151 and 4137.
21
What is the greatest common factor of 41034719 and 2397?
17
Calculate the highest common divisor of 276 and 16615428.
12
Calculate the greatest common factor of 1754974 and 52.
26
Calculate the greatest common divisor of 250440 and 15288.
24
What is the greatest common factor of 85 and 1652785?
5
What is the greatest common factor of 114641162 and 186?
62
Calculate the greatest common factor of 704323 and 319.
29
What is the greatest common divisor of 1243590 and 960?
30
Calculate the greatest common divisor of 1925124 and 8631.
411
What is the greatest common divisor of 42482108 and 976?
244
What is the greatest common divisor of 11100738 and 102?
6
Calculate the highest common factor of 190842 and